n base 8, what is 762222 - 15?
762205
In base 14, what is 78a2b - 5?
78a26
In base 4, what is 1 - -1303311233?
1303311300
In base 16, what is 2 + -4561?
-455f
In base 12, what is -b5b + -10?
-b6b
In base 5, what is 3 + -20323423?
-20323420
In base 5, what is -1 - -4240100?
4240044
In base 6, what is -45524 - -23?
-45501
In base 4, what is -1 - 220200?
-220201
In base 12, what is 45 - -28b?
314
In base 4, what is -10231 + -1332?
-12223
In base 7, what is 4 - 15043?
-15036
In base 5, what is -1 - -422213?
422212
In base 14, what is -c8482 - -4?
-c847c
In base 15, what is 4 + -6a219?
-6a215
In base 9, what is -2 + 4801?
4788
In base 12, what is 5 + 5010?
5015
In base 7, what is 314 - 15233?
-14616
In base 9, what is 25 - 2538?
-2513
In base 6, what is 2 - 203401?
-203355
In base 13, what is 17 + 207b7?
20801
In base 2, what is -1110111111 + -101?
-1111000100
In base 12, what is -5751 - 1?
-5752
In base 2, what is -101 + -1000000011010101?
-1000000011011010
In base 9, what is -108 - -174?
65
In base 8, what is 17 - 10?
7
In base 2, what is -11001 - -10111011?
10100010
In base 11, what is -336464 - -4?
-336460
In base 11, what is -4 + 998a?
9986
In base 12, what is -24a - -424?
196
In base 12, what is -255 - -722?
489
In base 15, what is -2 - -1aa99?
1aa97
In base 9, what is 3 + 78220?
78223
In base 16, what is -12 + -2561?
-2573
In base 3, what is -20 - -112021011120?
112021011100
In base 8, what is -2317 + -715?
-3234
In base 9, what is 16 + 50765?
50782
In base 13, what is 13 + -43b53?
-43b40
In base 9, what is 88326 - -6?
88333
In base 11, what is -2 + 380497?
380495
In base 10, what is -67 - -401?
334
In base 12, what is -b - 9933?
-9942
In base 3, what is -11 + -1121112221?
-1121120002
In base 3, what is -110 + 2021100?
2020220
In base 11, what is 0 - -36a22?
36a22
In base 15, what is -121e95 + -4?
-121e99
In base 12, what is -4102 + 1?
-4101
In base 10, what is -4524 + 33?
-4491
In base 15, what is 21c + 1d0d?
202a
In base 5, what is -3 + 10003?
10000
In base 16, what is d - -7c5e?
7c6b
In base 6, what is -535035 + 12?
-535023
In base 3, what is -210101201 + 10?
-210101121
In base 10, what is 5 + -18560?
-18555
In base 8, what is 35 + -421?
-364
In base 15, what is -ac8 + a?
-abd
In base 12, what is -5b8 - -56?
-562
In base 3, what is 1012002 + -121?
1011111
In base 10, what is -714 + 19?
-695
In base 4, what is 1130101 - 11?
1130030
In base 9, what is -35488 - -4?
-35484
In base 12, what is -86 - -6a27?
6961
In base 15, what is a4 - -1ae?
263
In base 11, what is -257a - -336?
-2244
In base 3, what is 1212122011121 - 10?
1212122011111
In base 4, what is 112 - 2003002?
-2002230
In base 14, what is -14 - bc7?
-bdb
In base 3, what is -2020110212200 - 12?
-2020110212212
In base 16, what is 735 + 36?
76b
In base 2, what is -110000000111 - -111011100?
-101000101011
In base 8, what is 0 - -1142040?
1142040
In base 6, what is 55 + 1320?
1415
In base 7, what is -2304561 + -10?
-2304601
In base 15, what is -7 - 1374bd?
-1374c5
In base 13, what is -2 - -486?
484
In base 11, what is 51 - -3984?
3a25
In base 4, what is 103 + 1112121?
1112230
In base 13, what is -2 - -16503?
16501
In base 10, what is 25623 - -7?
25630
In base 6, what is -333 + 120015?
115242
In base 15, what is 2 + -4a7c?
-4a7a
In base 10, what is 4 + 252?
256
In base 12, what is -42144 + 2?
-42142
In base 4, what is -1030110002 + 3?
-1030103333
In base 12, what is -27999 - -2?
-27997
In base 9, what is 3344 - 220?
3124
In base 9, what is 208547 - 1?
208546
In base 5, what is 424204 + -44?
424110
In base 12, what is -9641 - a?
-964b
In base 8, what is -4623 + 15?
-4606
In base 13, what is 550 - 213?
33a
In base 9, what is 2243 - -1581?
3834
In base 2, what is -10001 + -1011011111100000?
-1011011111110001
In base 11, what is -2 + 61579?
61577
In base 5, what is 42 - 12030001?
-12024404
In base 6, what is -310 + -522?
-1232
In base 2, what is 1000111101011 + 10110?
1001000000001
In base 5, what is -2414420 + -4?
-2414424
In base 14, what is -26 - -577?
551
In base 14, what is -6 - -b258?
b252
In base 3, what is -10 + -21110020001?
-21110020011
In base 16, what is -200b5 - 4?
-200b9
In base 14, what is 22954 + -5?
2294d
In base 7, what is 1 + 223314?
223315
In base 8, what is -431 + 220?
-211
In base 16, what is 2 - -29ef?
29f1
In base 12, what is 8408b9 - -3?
840900
In base 9, what is -13 + -45045?
-45058
In base 7, what is 4 - 1241462?
-1241455
In base 7, what is -5314320 - 4?
-5314324
In base 7, what is 0 - -2061312?
2061312
In base 16, what is e + 309?
317
In base 14, what is -126a - 88?
-1314
In base 4, what is -2 - 12232213?
-12232221
In base 15, what is -159 - 1781?
-18da
In base 4, what is 102321100 + -23?
102321011
In base 7, what is -5 - -121050?
121042
In base 10, what is 162025 - 3?
162022
In base 8, what is 353065 + 1?
353066
In base 9, what is -35125 - 10?
-35135
In base 14, what is -30842 + -b?
-3084d
In base 15, what is 1030 - -6?
1036
In base 9, what is -460 - 135?
-605
In base 4, what is -32011 - 1310?
-33321
In base 15, what is 2 - 4e78?
-4e76
In base 11, what is -1 - 4aa329?
-4aa32a
In base 2, what is 1011010001010001111 - -101?
1011010001010010100
In base 6, what is -254244 - 1?
-254245
In base 10, what is -45 + -4395?
-4440
In base 11, what is 3614 + 10?
3624
In base 2, what is 100001 + -100001110?
-11101101
In base 2, what is -1101001010000 + -1001100?
-1101010011100
In base 16, what is -1e80 + 2?
-1e7e
In base 15, what is -6b - 398?
-414
In base 9, what is 6 - 8263?
-8256
In base 16, what is -8 + d8a2?
d89a
In base 11, what is -11 - -193?
182
In base 9, what is -84 + 135442?
135347
In base 15, what is -3 - 2ae85?
-2ae88
In base 13, what is -3 + 5669?
5666
In base 12, what is -119ba - -5?
-119b5
In base 3, what is 10210220 - 10210?
10200010
In base 14, what is 467 + 6c?
4d5
In base 14, what is -338d + -1?
-3390
In base 3, what is 100022212 - -20?
100100002
In base 8, what is 740566 - -2?
740570
In base 5, what is -4214420 + -113?
-4220033
In base 6, what is -2324303 + 1?
-2324302
In base 16, what is -39 + d?
-2c
In base 8, what is 2625 + 13?
2640
In base 7, what is 5 - 216500?
-216462
In base 8, what is 0 - -4650263?
4650263
In base 13, what is 20c1b6 + 0?
20c1b6
In base 2, what is 110001011101010 + 100?
110001011101110
In base 14, what is -1420 - 3?
-1423
In base 8, what is -36367 + -4?
-36373
In base 12, what is 149 + -754?
-607
In base 2, what is -10010 + -10001011?
-10011101
In base 10, what is 12266 + -2?
12264
In base 13, what is -4093 - -26?
-406a
In base 7, what is 4 + -4025?
-4021
In base 15, what is b924 + 13?
b937
In base 14, what is 174 + -6?
16c
In base 4, what is -1111121213 - 110?
-1111121323
In base 3, what is -102221 + 12?
-102202
In base 14, what is -2b04a - -7?
-2b043
In base 2, what is 1000101000111 + -10110111?
1000010010000
In base 13, what is -42a99 + -7?
-42aa3
In base 2, what is -100110111100 - -1000?
-100110110100
In base 3, what is -10 + -101221021?
-101221101
In base 15, what is d3cc + -7b?
d351
In base 4, what is -21030111 + -20?
-21030131
In base 15, what is a - -93d?
948
In base 9, what is -30 + 262132?
262102
In base 13, what is 25479 + 8?
25484
In base 16, what is -522 - 1c?
-53e
In base 8, what is 35631 + 4?
35635
In base 5, what is -30303 + -13121?
-43424
In base 16, what is 3e - fbb?
-f7d
In base 11, what is 1291 - 700?
691
In base 2, what is -10010100001 - 1110?
-10010101111
In base 7, what is -1146 - -4444?
3265
In base 2, what is 0 - 1001110001101?
-1001110001101
In base 11, what is -54 + 8321?
8278
In base 11, what is 4 - 14976?
-14972
In base 7, what is -2223312 - -24?
-2223255
In base 13, what is 1c - 25b6?
-2597
In base 2, what is -10111 + -1010010011110?
-1010010110101
In base 4, what is 131002 - 3?
130333
In base 10, what is -379 - 423?
-802
In base 12, what is 496a89 + -2?
496a87
In base 8, what is 36 + 7022?
7060
In base 11, what is 3 + 104226?
104229
In base 11, what is -22395 + 5?
-22390
In base 14, what is -9b2c9 + 0?
-9b2c9
In base 16, what is -9 + 79d7?
79ce
In base 7, what is 455 + 41261?
42046
In base 8, what is 1 + -33621?
-33620
In base 6, what is 533 + 4135?
5112
In base 8, what is 304 - 360?
-54
In base 10, what is -2 - -60873?
60871
In base 5, what is -112 + -2001?
-2113
In base 15, what is 3 - 1b305?
-1b3